{"id":688,"date":"2026-04-13T16:51:28","date_gmt":"2026-04-13T16:51:28","guid":{"rendered":"https:\/\/kidma.com.mx\/?page_id=688"},"modified":"2026-04-13T16:54:05","modified_gmt":"2026-04-13T16:54:05","slug":"contacto","status":"publish","type":"page","link":"https:\/\/kidma.com.mx\/index.php\/contacto\/","title":{"rendered":"Contacto"},"content":{"rendered":"\t\t<div data-elementor-type=\"wp-page\" data-elementor-id=\"688\" class=\"elementor elementor-688\" data-elementor-post-type=\"page\">\n\t\t\t\t<div class=\"elementor-element elementor-element-4687a79a e-con-full e-flex e-con e-parent\" data-id=\"4687a79a\" data-element_type=\"container\" data-e-type=\"container\" data-settings=\"{&quot;background_background&quot;:&quot;classic&quot;}\">\n\t\t<div class=\"elementor-element elementor-element-21e75248 e-con-full e-flex e-con e-child\" data-id=\"21e75248\" data-element_type=\"container\" data-e-type=\"container\" data-settings=\"{&quot;background_background&quot;:&quot;classic&quot;}\">\n\t\t\t\t<div class=\"elementor-element elementor-element-5055608d elementor-widget elementor-widget-heading\" data-id=\"5055608d\" data-element_type=\"widget\" data-e-type=\"widget\" data-widget_type=\"heading.default\">\n\t\t\t\t\t<h1 class=\"elementor-heading-title elementor-size-default\">Cont\u00e1ctanos<\/h1>\t\t\t\t<\/div>\n\t\t\t\t<div class=\"elementor-element elementor-element-7a009a2c elementor-widget elementor-widget-heading\" data-id=\"7a009a2c\" data-element_type=\"widget\" data-e-type=\"widget\" data-widget_type=\"heading.default\">\n\t\t\t\t\t<p class=\"elementor-heading-title elementor-size-default\">Nos encantar\u00eda hablar contigo. No dudes en contactarnos utilizando la informaci\u00f3n que aparece a continuaci\u00f3n.<\/p>\t\t\t\t<\/div>\n\t\t\t\t<\/div>\n\t\t<div class=\"elementor-element elementor-element-4ebfa90f e-con-full e-flex e-con e-child\" data-id=\"4ebfa90f\" data-element_type=\"container\" data-e-type=\"container\">\n\t\t\t\t<div class=\"elementor-element elementor-element-aa91c9a elementor-widget elementor-widget-text-editor\" data-id=\"aa91c9a\" data-element_type=\"widget\" data-e-type=\"widget\" data-widget_type=\"text-editor.default\">\n\t\t\t\t\t\t\t\t\t<p>Email: Contacto@kidma.com.mx<\/p>\t\t\t\t\t\t\t\t<\/div>\n\t\t\t\t<\/div>\n\t\t\t\t<\/div>\n\t\t<footer class=\"elementor-element elementor-element-1a70cef e-flex e-con-boxed e-con e-parent\" data-id=\"1a70cef\" data-element_type=\"container\" data-e-type=\"container\">\n\t\t\t\t\t<div class=\"e-con-inner\">\n\t\t\t\t<div class=\"elementor-element elementor-element-bc1dbd1 elementor-widget elementor-widget-heading\" data-id=\"bc1dbd1\" data-element_type=\"widget\" data-e-type=\"widget\" data-widget_type=\"heading.default\">\n\t\t\t\t\t<h2 class=\"elementor-heading-title elementor-size-default\">S\u00cdGUENOS <\/h2>\t\t\t\t<\/div>\n\t\t\t\t<div class=\"elementor-element elementor-element-68ec019 elementor-widget__width-initial elementor-widget-tablet__width-inherit elementor-widget elementor-widget-text-editor\" data-id=\"68ec019\" data-element_type=\"widget\" data-e-type=\"widget\" data-widget_type=\"text-editor.default\">\n\t\t\t\t\t\t\t\t\t<p>Conoce nuestras noticias m\u00e1s recientes<\/p>\t\t\t\t\t\t\t\t<\/div>\n\t\t\t\t<div class=\"elementor-element elementor-element-f1856e8 elementor-widget__width-initial elementor-widget elementor-widget-facebook-page\" data-id=\"f1856e8\" data-element_type=\"widget\" data-e-type=\"widget\" data-widget_type=\"facebook-page.default\">\n\t\t\t\t\t<div class=\"elementor-facebook-widget fb-page\" data-href=\"https:\/\/www.facebook.com\/asociacionkidma\" data-tabs=\"timeline\" data-height=\"1000px\" data-width=\"500px\" data-small-header=\"false\" data-hide-cover=\"true\" data-show-facepile=\"true\" data-hide-cta=\"false\" style=\"min-height: 1px;height:1000px\"><\/div>\t\t\t\t<\/div>\n\t\t\t\t<div class=\"elementor-element elementor-element-fad4a47 elementor-widget elementor-widget-facebook-embed\" data-id=\"fad4a47\" data-element_type=\"widget\" data-e-type=\"widget\" data-widget_type=\"facebook-embed.default\">\n\t\t\t\t\t<div style=\"min-height: 1px\" class=\"elementor-facebook-widget fb-comment-embed\" data-href=\"https:\/\/www.facebook.com\/elemntor\/videos\/1811703749140576\/?comment_id=1812873919023559\" data-include-parent=\"false\"><\/div>\t\t\t\t<\/div>\n\t\t\t\t\t<\/div>\n\t\t\t\t<\/footer>\n\t\t\t\t<\/div>\n\t\t","protected":false},"excerpt":{"rendered":"<p>Cont\u00e1ctanos Nos encantar\u00eda hablar contigo. No dudes en contactarnos utilizando la informaci\u00f3n que aparece a continuaci\u00f3n. Email: Contacto@kidma.com.mx S\u00cdGUENOS Conoce nuestras noticias m\u00e1s recientes<\/p>\n","protected":false},"author":1,"featured_media":0,"parent":0,"menu_order":0,"comment_status":"closed","ping_status":"closed","template":"","meta":{"footnotes":""},"class_list":["post-688","page","type-page","status-publish","hentry"],"yoast_head":"<!-- This site is optimized with the Yoast SEO Premium plugin v27.1 (Yoast SEO v27.1.1) - https:\/\/yoast.com\/product\/yoast-seo-premium-wordpress\/ -->\n<title>Contacto - KIDMA<\/title>\n<meta name=\"robots\" content=\"index, follow, max-snippet:-1, max-image-preview:large, max-video-preview:-1\" \/>\n<link rel=\"canonical\" href=\"https:\/\/kidma.com.mx\/index.php\/contacto\/\" \/>\n<meta property=\"og:locale\" content=\"es_ES\" \/>\n<meta property=\"og:type\" content=\"article\" \/>\n<meta property=\"og:title\" content=\"Contacto\" \/>\n<meta property=\"og:description\" content=\"Cont\u00e1ctanos Nos encantar\u00eda hablar contigo. No dudes en contactarnos utilizando la informaci\u00f3n que aparece a continuaci\u00f3n. Email: Contacto@kidma.com.mx S\u00cdGUENOS Conoce nuestras noticias m\u00e1s recientes\" \/>\n<meta property=\"og:url\" content=\"https:\/\/kidma.com.mx\/index.php\/contacto\/\" \/>\n<meta property=\"og:site_name\" content=\"KIDMA\" \/>\n<meta property=\"article:publisher\" content=\"https:\/\/www.facebook.com\/asociacionkidma\" \/>\n<meta property=\"article:modified_time\" content=\"2026-04-13T16:54:05+00:00\" \/>\n<meta name=\"twitter:card\" content=\"summary_large_image\" \/>\n<script type=\"application\/ld+json\" class=\"yoast-schema-graph\">{\"@context\":\"https:\/\/schema.org\",\"@graph\":[{\"@type\":\"WebPage\",\"@id\":\"https:\/\/kidma.com.mx\/index.php\/contacto\/\",\"url\":\"https:\/\/kidma.com.mx\/index.php\/contacto\/\",\"name\":\"Contacto - KIDMA\",\"isPartOf\":{\"@id\":\"https:\/\/kidma.com.mx\/#website\"},\"datePublished\":\"2026-04-13T16:51:28+00:00\",\"dateModified\":\"2026-04-13T16:54:05+00:00\",\"breadcrumb\":{\"@id\":\"https:\/\/kidma.com.mx\/index.php\/contacto\/#breadcrumb\"},\"inLanguage\":\"es\",\"potentialAction\":[{\"@type\":\"ReadAction\",\"target\":[\"https:\/\/kidma.com.mx\/index.php\/contacto\/\"]}]},{\"@type\":\"BreadcrumbList\",\"@id\":\"https:\/\/kidma.com.mx\/index.php\/contacto\/#breadcrumb\",\"itemListElement\":[{\"@type\":\"ListItem\",\"position\":1,\"name\":\"Portada\",\"item\":\"https:\/\/kidma.com.mx\/\"},{\"@type\":\"ListItem\",\"position\":2,\"name\":\"Contacto\"}]},{\"@type\":\"WebSite\",\"@id\":\"https:\/\/kidma.com.mx\/#website\",\"url\":\"https:\/\/kidma.com.mx\/\",\"name\":\"KIDMA\",\"description\":\"Por amor a la humanidad\",\"publisher\":{\"@id\":\"https:\/\/kidma.com.mx\/#organization\"},\"potentialAction\":[{\"@type\":\"SearchAction\",\"target\":{\"@type\":\"EntryPoint\",\"urlTemplate\":\"https:\/\/kidma.com.mx\/?s={search_term_string}\"},\"query-input\":{\"@type\":\"PropertyValueSpecification\",\"valueRequired\":true,\"valueName\":\"search_term_string\"}}],\"inLanguage\":\"es\"},{\"@type\":\"Organization\",\"@id\":\"https:\/\/kidma.com.mx\/#organization\",\"name\":\"KIDMA\",\"url\":\"https:\/\/kidma.com.mx\/\",\"logo\":{\"@type\":\"ImageObject\",\"inLanguage\":\"es\",\"@id\":\"https:\/\/kidma.com.mx\/#\/schema\/logo\/image\/\",\"url\":\"https:\/\/kidma.com.mx\/wp-content\/uploads\/2026\/04\/kidma-logo.png\",\"contentUrl\":\"https:\/\/kidma.com.mx\/wp-content\/uploads\/2026\/04\/kidma-logo.png\",\"width\":500,\"height\":500,\"caption\":\"KIDMA\"},\"image\":{\"@id\":\"https:\/\/kidma.com.mx\/#\/schema\/logo\/image\/\"},\"sameAs\":[\"https:\/\/www.facebook.com\/asociacionkidma\"]}]}<\/script>\n<!-- \/ Yoast SEO Premium plugin. -->","yoast_head_json":{"title":"Contacto - KIDMA","robots":{"index":"index","follow":"follow","max-snippet":"max-snippet:-1","max-image-preview":"max-image-preview:large","max-video-preview":"max-video-preview:-1"},"canonical":"https:\/\/kidma.com.mx\/index.php\/contacto\/","og_locale":"es_ES","og_type":"article","og_title":"Contacto","og_description":"Cont\u00e1ctanos Nos encantar\u00eda hablar contigo. No dudes en contactarnos utilizando la informaci\u00f3n que aparece a continuaci\u00f3n. Email: Contacto@kidma.com.mx S\u00cdGUENOS Conoce nuestras noticias m\u00e1s recientes","og_url":"https:\/\/kidma.com.mx\/index.php\/contacto\/","og_site_name":"KIDMA","article_publisher":"https:\/\/www.facebook.com\/asociacionkidma","article_modified_time":"2026-04-13T16:54:05+00:00","twitter_card":"summary_large_image","schema":{"@context":"https:\/\/schema.org","@graph":[{"@type":"WebPage","@id":"https:\/\/kidma.com.mx\/index.php\/contacto\/","url":"https:\/\/kidma.com.mx\/index.php\/contacto\/","name":"Contacto - KIDMA","isPartOf":{"@id":"https:\/\/kidma.com.mx\/#website"},"datePublished":"2026-04-13T16:51:28+00:00","dateModified":"2026-04-13T16:54:05+00:00","breadcrumb":{"@id":"https:\/\/kidma.com.mx\/index.php\/contacto\/#breadcrumb"},"inLanguage":"es","potentialAction":[{"@type":"ReadAction","target":["https:\/\/kidma.com.mx\/index.php\/contacto\/"]}]},{"@type":"BreadcrumbList","@id":"https:\/\/kidma.com.mx\/index.php\/contacto\/#breadcrumb","itemListElement":[{"@type":"ListItem","position":1,"name":"Portada","item":"https:\/\/kidma.com.mx\/"},{"@type":"ListItem","position":2,"name":"Contacto"}]},{"@type":"WebSite","@id":"https:\/\/kidma.com.mx\/#website","url":"https:\/\/kidma.com.mx\/","name":"KIDMA","description":"Por amor a la humanidad","publisher":{"@id":"https:\/\/kidma.com.mx\/#organization"},"potentialAction":[{"@type":"SearchAction","target":{"@type":"EntryPoint","urlTemplate":"https:\/\/kidma.com.mx\/?s={search_term_string}"},"query-input":{"@type":"PropertyValueSpecification","valueRequired":true,"valueName":"search_term_string"}}],"inLanguage":"es"},{"@type":"Organization","@id":"https:\/\/kidma.com.mx\/#organization","name":"KIDMA","url":"https:\/\/kidma.com.mx\/","logo":{"@type":"ImageObject","inLanguage":"es","@id":"https:\/\/kidma.com.mx\/#\/schema\/logo\/image\/","url":"https:\/\/kidma.com.mx\/wp-content\/uploads\/2026\/04\/kidma-logo.png","contentUrl":"https:\/\/kidma.com.mx\/wp-content\/uploads\/2026\/04\/kidma-logo.png","width":500,"height":500,"caption":"KIDMA"},"image":{"@id":"https:\/\/kidma.com.mx\/#\/schema\/logo\/image\/"},"sameAs":["https:\/\/www.facebook.com\/asociacionkidma"]}]}},"_links":{"self":[{"href":"https:\/\/kidma.com.mx\/index.php\/wp-json\/wp\/v2\/pages\/688","targetHints":{"allow":["GET"]}}],"collection":[{"href":"https:\/\/kidma.com.mx\/index.php\/wp-json\/wp\/v2\/pages"}],"about":[{"href":"https:\/\/kidma.com.mx\/index.php\/wp-json\/wp\/v2\/types\/page"}],"author":[{"embeddable":true,"href":"https:\/\/kidma.com.mx\/index.php\/wp-json\/wp\/v2\/users\/1"}],"replies":[{"embeddable":true,"href":"https:\/\/kidma.com.mx\/index.php\/wp-json\/wp\/v2\/comments?post=688"}],"version-history":[{"count":4,"href":"https:\/\/kidma.com.mx\/index.php\/wp-json\/wp\/v2\/pages\/688\/revisions"}],"predecessor-version":[{"id":694,"href":"https:\/\/kidma.com.mx\/index.php\/wp-json\/wp\/v2\/pages\/688\/revisions\/694"}],"wp:attachment":[{"href":"https:\/\/kidma.com.mx\/index.php\/wp-json\/wp\/v2\/media?parent=688"}],"curies":[{"name":"wp","href":"https:\/\/api.w.org\/{rel}","templated":true}]}}